*2 - 3*b + 3 + 3*b. Calculate h(v).
12
Let y(g) = 3*g - 1. Let r be ((-13)/13)/((-2)/198). Let q(p) = 2*p - 111*p**2 - 3*p + p**3 + 5 + r*p**2. Let t be q(12). Give y(t).
-22
Suppose -7*p + 10*o = 14*o + 78, 4*o + 28 = -2*p. Let j(q) = 3*q + 4. Give j(p).
-26
Suppose -15*k = -13*k + 96. Let p = 54 + k. Let z(n) = 4*n + 1 + 4*n - 6*n - n. What is z(p)?
7
Suppose 29*q = 34*q - 10. Let k(x) = 3*x**q + 4*x**2 - 1 + x + 21*x**2 - 2*x. Determine k(-1).
28
Suppose 174*t = 168*t. Let b(g) = 3*g + 4*g**2 - 17 + t + g**3 + 14. What is b(-3)?
-3
Let y be -6*(-7)/49*(-35)/(-2). Let k(s) = s**2 - 17*s + 39. What is k(y)?
9
Suppose -479 = -18*a + 133. Let b(n) be the second derivative of 0 + 3/20*n**5 + 0*n**2 + a*n + 0*n**3 + 1/12*n**4. What is b(-1)?
-2
Let p(v) = 6*v + 96. Let b = -157 + 140. Let k be p(b). Let r(f) = -f**3 + f**2. Let d(a) = 4*a**3 + 2*a**2 - 9*a - 2. Let x(u) = d(u) + 3*r(u). Give x(k).
16
Let h(p) be the second derivative of -7*p**3/6 - 34*p**2 - 1197*p. Determine h(-12).
16
Let v(z) = -74*z + 167. Let x(t) = 25*t - 59. Let c(h) = 6*v(h) + 17*x(h). Determine c(-1).
18
Let w(z) = -3*z + 61. Let h(n) = 12*n - 185. Let f(c) = -2*h(c) - 7*w(c). Calculate f(-25).
18
Let f(b) be the third derivative of -b**8/20160 - b**7/5040 + b**6/360 - b**5/12 - b**4/8 - 97*b**2 - 2. Let j(w) be the third derivative of f(w). Give j(-2).
0
Let g = -100 - -105. Let j(f) = -f**2 + 6*f - 3*f**2 - f - 1 + g*f**2. Calculate j(-7).
13
Let p(i) = 3*i - 1 - 4 + 1. Let m = -75312 + 75309. Give p(m).
-13
Suppose -u + 18 = 11. Let g(k) = -7*k**3 + 13*k**2 - 16*k - 13. Let d(q) = -4*q**3 + 6*q**2 - 8*q - 6. Let b(l) = 5*d(l) - 3*g(l). Give b(u).
-33
Let p = -8754 - -8772. Let l(z) = -z**3 + 17*z**2 + 18*z + 16. Give l(p).
16
Let k(s) = -s - 9. Let d be k(-15). Suppose -4*h = -2*h - d. Let z be (-3)/(-2)*6/h. Let n(f) = f**3 - 2*f**2 - 2*f - 4. Give n(z).
-1
Let y(k) = 16*k**3 + 2*k**2 + k. Suppose -25 = -143*n - 168. What is y(n)?
-15
Let f(z) be the first derivative of 3*z**2/2 - 7*z - 14. Let s be 1290/(-105) - 4/(-14). Let d = s + 17. What is f(d)?
8
Let f(y) = 87*y + 1. Let u(v) = 251*v - 75. Let p(q) = -3*f(q) + u(q). Determine p(-8).
2
Suppose -12*z - 1 + 25 = 0. Let c(i) = -7 + 3*i - 3*i**2 - 5*i**z - 10*i + i**3. Determine c(9).
11
Suppose -31*n + 44 = -80. Let m(y) be the second derivative of -1/2*y**3 + 6*y + 0 + 1/2*y**2. Give m(n).
-11
Let r(f) = -2*f**2 - f - 1. Let a(g) = -g**2 + 16*g - 53. Let q be a(11). Let j be 6*1/q*(-6)/(-9). What is r(j)?
-11
Let d = -934 - -959. Suppose d*l - 42*l = 17. Let z(f) be the third derivative of -f**6/24 + f**5/30 - f**3/6 - f**2. Determine z(l).
6
Let i(w) be the second derivative of -w**5/60 + w**4/8 - 2*w**3/3 - 101*w**2/2 - 88*w - 1. Let v(m) be the first derivative of i(m). What is v(2)?
-2
Let w(k) = 15*k**3 - k. Let v = -4260 - -4261. Give w(v).
14
Let h(l) be the second derivative of -32*l - 1/6*l**3 + 1/20*l**5 + 0 + 1/3*l**4 - 2*l**2. Give h(-5).
-24
Let t(c) = -24*c**3 - 4*c**2 + c - 1. Let s(q) = 25*q**3 + 3*q**2 - q + 1. Let m(o) = 3*s(o) + 2*t(o). Suppose -4*z - z + h = -10, z + 4 = -h. Calculate m(z).
28
Let i(o) = -o**2 + 8*o - 12. Let k(l) = l - 5. Let w be k(3). Let f be (-15 - -16)*(10 - (w - -4)). Calculate i(f).
-12
Let a(f) = f**2 - 2*f + 2. Let u(y) = 4*y**2 + 18*y - 13. Let h(x) = -2*x**2 - x. Let l(t) = -15*h(t) - 3*u(t). Let r(d) = -117*a(d) + 6*l(d). Determine r(1).
-9
Suppose -20 = -2*c + 3*v + 40, -4*v + 120 = 4*c. Let b be 6/(-4)*(28 - c). Let g(j) = -4*j**2. Give g(b).
-36
Let i(y) = -58537 - 58561 + 117116 - y**2 + 5*y. Give i(13).
-86
Let w(t) = -14*t - t**2 - 18 - 12 - 22. Let r be w(-6). Let x(j) = -8*j - 5 + 9*j + 9 - 2. Calculate x(r).
-2
Suppose -5*x + 332 = -178. Suppose -5*r + 79 = 3*g, 0 = -2*g + r - 45 + x. Let j = -33 + g. Let c(n) = -n**3 - 5*n**2 + 7. What is c(j)?
7
Let g(x) = -10*x**2 + 9*x + 2. Let y(j) = 9*j**2 - 8*j - 2. Let r(h) = -6*g(h) - 7*y(h). Suppose 4*k = -u - 5, -k - 21*u + 17*u = -10. What is r(k)?
-14
Let c(r) = 2*r - 7. Let d(x) = -x + 4. Let g(b) = -3*c(b) - 7*d(b). Suppose -1053*z = -980*z. Calculate g(z).
-7
Let u(k) = -4*k - 56. Suppose 4*z - 4*b + 16 = 0, z - 148 = 5*b - 124. What is u(z)?
-12
Let v(b) = b**3 + 14*b**2 - 42*b - 30. Let a(w) = 2*w**3 + 29*w**2 - 81*w - 62. Let o(g) = 6*a(g) - 11*v(g). Determine o(-21).
21
Let y(i) = -2*i**2 - 13*i + 1. Let n = -19693 + 19685. What is y(n)?
-23
Let s(l) = -6*l + 3308. Let v(w) = w - 602. Let k(z) = -2*s(z) - 11*v(z). Let x be ((-12)/(-10))/(3/(-10)). Calculate k(x).
2
Let u(l) = 6*l**2 - 25*l + 64. Let i be u(19). Let m be 2*(-4)/((-40)/i). Let a(x) = -180*x + 1 + m*x - 175*x - 6. Determine a(4).
-21
Let h(w) = -12*w**2 + 5*w - 4. Let k be (9 + 5 - 14) + 1. What is h(k)?
-11
Let g(m) be the second derivative of 4*m**3/3 - 50*m**2 + 8*m - 116. Give g(12).
-4
Let p(m) = 7*m - 25. Let j(h) = h**3 + 69*h**2 - 17*h - 1166. Let f be j(-69). Determine p(f).
24
Let w(s) = 14*s**2 - 2*s + 1. Suppose -186 = -j + 422. Let o = -607 + j. Give w(o).
13
Let f(h) be the first derivative of h**6/360 + h**5/120 + h**3 - 21*h - 84. Let k(g) be the third derivative of f(g). Determine k(3).
12
Let y(t) = -3*t + 128281 - 128272 + t. Give y(19).
-29
Suppose -4*c + 5*y = -1, -35 = c - 2*y - 30. Let w(j) = -j**3 + 6*j**2 + 26*j + 17. Determine w(c).
8
Let h(l) be the third derivative of -l**4/8 - 2*l**3/3 - 18*l**2 + 2. Suppose 0*j + 18*j - 90 = 0. What is h(j)?
-19
Suppose 5 = 23*r - 18. Let m(p) = r + 2*p**2 + 3*p + 7*p**2 - p**3 - 2*p - 10*p**2. Give m(0).
1
Let b(d) = 4*d**2. Suppose -2*g - 4*n + 125 = 1, -3*g + n = -165. Let o = g - 56. Suppose o - 8 = 8*s. What is b(s)?
4
Let r(x) = x - 4. Let b be (3/9)/((-15)/(-270)). Suppose -4*z + 46 = b. Give r(z).
6
Let r(b) be the third derivative of 10*b**4/3 - 25*b**3/2 - 2237*b**2 + 4. Give r(1).
5
Let c(w) = -w + 1. Let x(j) = -4*j + 36. Suppose 0 = -3*i + 8*f - 9*f + 35, 25 = 5*i - 5*f. Let t be x(i). What is c(t)?
5
Suppose -n = 3*n + 12, 2*r - n - 3671 = 0. Let z = r - 1834. Let m(q) be the first derivative of -q**4/4 + q**3/3 - q**2/2 + 15*q + 1. What is m(z)?
15
Let g(n) = -6*n**2 - 5*n - 2. Let m(c) = -2*c - 1. Let o(j) = g(j) - 2*m(j). Give o(2).
-26
Let m(o) = -293 + o - 313 + 898 - 25*o - 298. What is m(-3)?
66
Let y be 106/84 - 927/2163. Let j(w) be the second derivative of 1/2*w**2 + y*w**3 - 4*w + 2. Calculate j(-1).
-4
Suppose 5*d - 20 = y, 92*y - 32 = 99*y + d. Let z(q) = 7*q**3 + 11*q**2 + 4. Let p(m) = m**3 + m**2 + 1. Let l(j) = -6*p(j) + z(j). What is l(y)?
-2
Let y(k) = -9*k**2 - 15*k + 4. Let n(z) = -8*z**2 - 13*z + 4. Let l(d) = 6*n(d) - 5*y(d). Suppose t - 22 = 5*t - 2*a, 0 = 3*t - 5*a + 34. Determine l(t).
-14
Suppose -180 = 5905*t - 5941*t. Let b(w) = -w**3 + 10*w**2 - 6*w. Let q(n) = -n**2 + n - 1. Let m(a) = -b(a) - 4*q(a). What is m(t)?
-11
Let z(o) = 11*o + 86. Let l(d) = -1. Let n(a) = -5*l(a) - z(a). Determine n(-7).
-4
Let t(r) = 2*r**3 + 11*r**2 + r - 47. Let o be t(-4). Let l(p) = -4*p**2 - 4*p - 4. What is l(o)?
-28
Let f(i) be the second derivative of i**5/20 - 5*i**4/12 + i**3/3 - 3*i**2 + i. Let y = 271 + -243. Suppose 40 = -20*o + y*o. Give f(o).
4
Let l(u) = u + 18. Let d be l(-13). Suppose 2*q = -2*s + 18, d*q + s = 25 + 8. Let j(a) = -2*a + 1. Let y(v) = 13*v - 13. Let g(k) = -6*j(k) - y(k). Give g(q).
1
Let x be ((-10)/(-1))/(-63 + 64). Let t(d) = -d**3 + 11*d**2 - 9*d - 5. Determine t(x).
5
Let u(l) = -13*l + 80. Let b be u(6). Let o(k) = 1452*k**b - 730*k**2 + 8*k - 721*k**2. Determine o(-4).
-16
Suppose 0 = -4*c - 2 - 22. Let w(y) = -y**2 - 1. Let u(n) = 5*n**2 + 10*n. Suppose 5*z + v = -6, 3*z - 22 + 21 = 4*v. Let h(j) = c*w(j) + z*u(j). Give h(7).
-15
Suppose -3*n - r + 160 = 0, n + 4*r - 26 = 20. Let o = 49 - n. Let i(l) = 17*l - 16*l + 1 + 2. What is i(o)?
-2
Let z(a) = -3*a + 3. Let l = 891 + -1335. Let x = -441 - l. What is z(x)?
-6
Let x = -27884 + 27879. Let a(r) = r + 0 - 3 - 2*r. What is a(x)?
2
Let p(h) = -65 + 42 + h**3 + h**2 + 41 - 2*h**3. What is p(0)?
18
Let h(t) = t**2 - 7*t - 7. Let w(a) = 2*a**2 + 2*a + 18. Let u(f) = -f + 15. Let z be u(10). Let o be w(z). Suppose o = 2*x + 66. Calculate h(x).
-13
Let n(k) = -13 - 6 + 18 + 25*k - 28*k. Let s be (42/49)/(1/7) + 0. Determine n(s).
-19
Let b(a) be the first deriva